{"id":3548,"date":"2021-04-18T05:47:56","date_gmt":"2021-04-18T05:47:56","guid":{"rendered":"https:\/\/escrime-paysdaix.fr\/epaaix\/?page_id=3548"},"modified":"2025-07-03T16:12:27","modified_gmt":"2025-07-03T16:12:27","slug":"haut-niveau","status":"publish","type":"page","link":"https:\/\/escrime-paysdaix.fr\/epaaix\/haut-niveau\/","title":{"rendered":"Parcours comp\u00e9titeurs"},"content":{"rendered":"\t\t<div data-elementor-type=\"wp-page\" data-elementor-id=\"3548\" class=\"elementor elementor-3548\" data-elementor-settings=\"[]\">\n\t\t\t\t\t\t<div class=\"elementor-inner\">\n\t\t\t\t\t\t\t<div class=\"elementor-section-wrap\">\n\t\t\t\t\t\t\t<section class=\"elementor-section elementor-top-section elementor-element elementor-element-18d322f4 elementor-section-boxed elementor-section-height-default elementor-section-height-default\" data-id=\"18d322f4\" data-element_type=\"section\">\n\t\t\t\t\t\t<div class=\"elementor-container elementor-column-gap-default\">\n\t\t\t\t\t\t\t<div class=\"elementor-row\">\n\t\t\t\t\t<div class=\"elementor-column elementor-col-50 elementor-top-column elementor-element elementor-element-76d93d38\" data-id=\"76d93d38\" data-element_type=\"column\">\n\t\t\t<div class=\"elementor-column-wrap\">\n\t\t\t\t\t\t\t<div class=\"elementor-widget-wrap\">\n\t\t\t\t\t\t\t\t<\/div>\n\t\t\t\t\t<\/div>\n\t\t<\/div>\n\t\t\t\t<div class=\"elementor-column elementor-col-50 elementor-top-column elementor-element elementor-element-4b0ff389\" data-id=\"4b0ff389\" data-element_type=\"column\">\n\t\t\t<div class=\"elementor-column-wrap elementor-element-populated\">\n\t\t\t\t\t\t\t<div class=\"elementor-widget-wrap\">\n\t\t\t\t\t\t<div class=\"elementor-element elementor-element-40febc29 elementor-widget elementor-widget-text-editor\" data-id=\"40febc29\" data-element_type=\"widget\" data-widget_type=\"text-editor.default\">\n\t\t\t\t<div class=\"elementor-widget-container\">\n\t\t\t\t\t\t\t\t<div class=\"elementor-text-editor elementor-clearfix\">\n\t\t\t\t\t<h3>Parcours comp\u00e9tition :<\/h3>\n<h3><img loading=\"lazy\" decoding=\"async\" class=\"size-medium wp-image-9529 alignleft\" src=\"https:\/\/escrime-paysdaix.fr\/epaaix\/wp-content\/uploads\/2024\/07\/Screen-Shot-2021-02-13-at-11.50.01-PM-1024x830-1-e1720372506811-300x243.png\" alt=\"competition Escrime aix en provence\" width=\"300\" height=\"243\" srcset=\"https:\/\/escrime-paysdaix.fr\/epaaix\/wp-content\/uploads\/2024\/07\/Screen-Shot-2021-02-13-at-11.50.01-PM-1024x830-1-e1720372506811-300x243.png 300w, https:\/\/escrime-paysdaix.fr\/epaaix\/wp-content\/uploads\/2024\/07\/Screen-Shot-2021-02-13-at-11.50.01-PM-1024x830-1-e1720372506811-600x486.png 600w, https:\/\/escrime-paysdaix.fr\/epaaix\/wp-content\/uploads\/2024\/07\/Screen-Shot-2021-02-13-at-11.50.01-PM-1024x830-1-e1720372506811-198x160.png 198w, https:\/\/escrime-paysdaix.fr\/epaaix\/wp-content\/uploads\/2024\/07\/Screen-Shot-2021-02-13-at-11.50.01-PM-1024x830-1-e1720372506811-100x80.png 100w, https:\/\/escrime-paysdaix.fr\/epaaix\/wp-content\/uploads\/2024\/07\/Screen-Shot-2021-02-13-at-11.50.01-PM-1024x830-1-e1720372506811.png 700w\" sizes=\"auto, (max-width: 300px) 100vw, 300px\" \/><\/h3>\n<p>Nos cours Comp\u00e9tition s\u2019adressent aux tireurs confirm\u00e9s ayant pour objectif de faire de la comp\u00e9tition et d\u2019atteindre un niveau de performance qui leur permettent de rivaliser avec les meilleurs nationaux. Dans ce cadre, les maitres d\u2019armes s\u2019engagent \u00e0 fournir un entra\u00eenement d\u2019une grande qualit\u00e9 (analyse vid\u00e9o, le\u00e7ons individuelles&#8230;). Les tireurs s\u2019engagent eux \u00e0 s\u2019impliquer dans leur entra\u00eenement, et \u00e0 venir plusieurs fois par semaine fois .<\/p>\n<p>Ces cours ont plusieurs atouts pour satisfaire des tireurs tent\u00e9s par une exp\u00e9rience d\u2019escrime intensive :<\/p>\n<p><strong>\u00a0<\/strong><\/p>\n<p><strong>\u00a0<\/strong><\/p>\n<p><strong>D<\/strong><strong style=\"color: var( --e-global-color-text ); font-family: var( --e-global-typography-text-font-family ), Sans-serif;\">es cours tous les jours du lundi au vendredi :<\/strong><\/p>\n<p><strong>Lundi\u00a0<\/strong>: Cours de 17h30 \u00e0 20h<\/p>\n<p><strong>Mardi\u00a0<\/strong>: Cours de 17h30 \u00e0 20h30 avec Entrainement physique<\/p>\n<p><strong>Mercredi\u00a0<\/strong>:\u00a0 Cours de 18h30 \u00e0 19h30<\/p>\n<p><strong>Jeudi\u00a0<\/strong>: Cours de 17h30 \u00e0 20h30 avec Entrainement physique<\/p>\n<p><strong>Vendredi\u00a0<\/strong>:Cours de 17h30 \u00e0 20h<\/p>\n<h3><img loading=\"lazy\" decoding=\"async\" class=\"size-medium wp-image-8554 alignright\" src=\"https:\/\/escrime-paysdaix.fr\/epaaix\/wp-content\/uploads\/2024\/02\/IMG_3844-300x237.jpg\" alt=\"attaque escrime\" width=\"300\" height=\"237\" srcset=\"https:\/\/escrime-paysdaix.fr\/epaaix\/wp-content\/uploads\/2024\/02\/IMG_3844-300x237.jpg 300w, https:\/\/escrime-paysdaix.fr\/epaaix\/wp-content\/uploads\/2024\/02\/IMG_3844-768x606.jpg 768w, https:\/\/escrime-paysdaix.fr\/epaaix\/wp-content\/uploads\/2024\/02\/IMG_3844-1024x808.jpg 1024w, https:\/\/escrime-paysdaix.fr\/epaaix\/wp-content\/uploads\/2024\/02\/IMG_3844.jpg 1170w, https:\/\/escrime-paysdaix.fr\/epaaix\/wp-content\/uploads\/2024\/02\/IMG_3844-600x473.jpg 600w, https:\/\/escrime-paysdaix.fr\/epaaix\/wp-content\/uploads\/2024\/02\/IMG_3844-203x160.jpg 203w, https:\/\/escrime-paysdaix.fr\/epaaix\/wp-content\/uploads\/2024\/02\/IMG_3844-100x80.jpg 100w\" sizes=\"auto, (max-width: 300px) 100vw, 300px\" \/><\/h3>\n<h4><strong>Comp\u00e9tition\u00a0:<\/strong><\/h4>\n<p>11 \u00e0 12 ans : Les tireurs peuvent participer \u00e0 des \u00e9preuves d\u00e9partementales et r\u00e9gionales tout au long de l&#8217;ann\u00e9e. Suivant leur engagement \u00e0 l&#8217;entrainement, il pourront participer \u00e0 une comp\u00e9tition internationale (le mini-marathon \u00e0 Paris) et la coupe de France M13<\/p>\n<p>13 \u00e0 14 ans : Les tireurs peuvent participer \u00e0 une dizaine de comp\u00e9tition avec pour ligne de mire : La f\u00eate des jeunes (championnats de France).Les tireurs de 11 \u00e0 12 ans peuvent s&#8217;inscrire et seront surclass\u00e9s.\u00a0<\/p>\n<p>15 \u00e0 16 ans\u00a0: Les tireurs peuvent participer \u00e0 une dizaine de comp\u00e9tition avec pour objectif les Championnats de France M17. Pour certains, cette cat\u00e9gorie peut les amener \u00e0 participer \u00e0 leurs premi\u00e8res comp\u00e9titions internationales.<\/p>\n<p>17 \u00e0 19 ans : Pour les M20, les circuits nationaux et les championnats de France sont les comp\u00e9titions principales. Les tireurs peuvent aussi s&#8217;essayer en surclassement \u00e0 la cat\u00e9gorie s\u00e9nior\u00a0<\/p>\n<p>20 ans et + : Les tireurs participent selon leur niveau aux comp\u00e9tions r\u00e9gionales, nationales ou internationales.<\/p>\t\t\t\t\t<\/div>\n\t\t\t\t\t\t<\/div>\n\t\t\t\t<\/div>\n\t\t\t\t<div class=\"elementor-element elementor-element-3cef7f94 elementor-widget-divider--view-line elementor-widget elementor-widget-divider\" data-id=\"3cef7f94\" data-element_type=\"widget\" data-widget_type=\"divider.default\">\n\t\t\t\t<div class=\"elementor-widget-container\">\n\t\t\t\t\t<div class=\"elementor-divider\">\n\t\t\t<span class=\"elementor-divider-separator\">\n\t\t\t\t\t\t<\/span>\n\t\t<\/div>\n\t\t\t\t<\/div>\n\t\t\t\t<\/div>\n\t\t\t\t\t\t<\/div>\n\t\t\t\t\t<\/div>\n\t\t<\/div>\n\t\t\t\t\t\t\t\t<\/div>\n\t\t\t\t\t<\/div>\n\t\t<\/section>\n\t\t\t\t<section class=\"elementor-section elementor-top-section elementor-element elementor-element-15b20fae elementor-section-boxed elementor-section-height-default elementor-section-height-default\" data-id=\"15b20fae\" data-element_type=\"section\">\n\t\t\t\t\t\t<div class=\"elementor-container elementor-column-gap-default\">\n\t\t\t\t\t\t\t<div class=\"elementor-row\">\n\t\t\t\t\t<div class=\"elementor-column elementor-col-100 elementor-top-column elementor-element elementor-element-3eacc68e\" data-id=\"3eacc68e\" data-element_type=\"column\">\n\t\t\t<div class=\"elementor-column-wrap elementor-element-populated\">\n\t\t\t\t\t\t\t<div class=\"elementor-widget-wrap\">\n\t\t\t\t\t\t<div class=\"elementor-element elementor-element-32c8e311 elementor-widget elementor-widget-text-editor\" data-id=\"32c8e311\" data-element_type=\"widget\" data-widget_type=\"text-editor.default\">\n\t\t\t\t<div class=\"elementor-widget-container\">\n\t\t\t\t\t\t\t\t<div class=\"elementor-text-editor elementor-clearfix\">\n\t\t\t\t\t<!-- wp:group {\"className\":\"ticss-42923209\",\"hasCustomCSS\":true,\"customCSS\":\".ticss-42923209 {\\n  box-shadow: 0 0 30px 0 #f3f6ff;\\n  margin-left:15px;\\n  margin-right:15px;\\n  padding-top: 40px;\\n  padding-left: 30px;\\n    padding-right: 30px;\\n      padding-bottom: 60px;\\n}\\n\"} -->\n<div class=\"wp-block-group ticss-42923209\">\n<div class=\"wp-block-group__inner-container\"><!-- wp:heading {\"level\":5,\"className\":\"epa-heading-bar-left-right ticss-ccd20fd4\",\"hasCustomCSS\":true,\"customCSS\":\"\\n\"} -->\n<h5 class=\"epa-heading-bar-left-right ticss-ccd20fd4\">Haut-Niveau<\/h5>\n<!-- \/wp:heading --><!-- wp:heading {\"className\":\"ticss-3ac233d1\",\"hasCustomCSS\":true,\"customCSS\":\".ticss-3ac233d1 {\\n     padding-bottom: 20px;\\n}\\n\"} -->\n<h2 class=\"ticss-3ac233d1\">Escrime Haut-Niveau<\/h2>\n<!-- \/wp:heading --><!-- wp:image {\"align\":\"right\",\"id\":2608,\"width\":455,\"height\":267,\"sizeSlug\":\"large\",\"linkDestination\":\"none\"} -->\n<div class=\"wp-block-image\">\n<figure class=\"alignright size-large is-resized\"><img loading=\"lazy\" decoding=\"async\" class=\"wp-image-2608\" src=\"https:\/\/escrime-paysdaix.fr\/epaaix\/wp-content\/uploads\/2021\/02\/Screen-Shot-2021-02-14-at-12.06.24-AM-1024x602.png\" alt=\"\" width=\"455\" height=\"267\" srcset=\"https:\/\/escrime-paysdaix.fr\/epaaix\/wp-content\/uploads\/2021\/02\/Screen-Shot-2021-02-14-at-12.06.24-AM-1024x602.png 1024w, https:\/\/escrime-paysdaix.fr\/epaaix\/wp-content\/uploads\/2021\/02\/Screen-Shot-2021-02-14-at-12.06.24-AM-300x176.png 300w, https:\/\/escrime-paysdaix.fr\/epaaix\/wp-content\/uploads\/2021\/02\/Screen-Shot-2021-02-14-at-12.06.24-AM-768x451.png 768w, https:\/\/escrime-paysdaix.fr\/epaaix\/wp-content\/uploads\/2021\/02\/Screen-Shot-2021-02-14-at-12.06.24-AM.png 1164w\" sizes=\"auto, (max-width: 455px) 100vw, 455px\" \/><\/figure>\n<\/div>\n<!-- \/wp:image --><!-- wp:paragraph -->\n<p>Le club s\u2019implique dans l&#8217;accompagnement des tireurs qui souhaitent s\u2019y engager, dans un parcours d\u2019acc\u00e8s et de pratique de Haut-Niveau. Dans ce cadre, EPA est particuli\u00e8rement attach\u00e9 au principe du double projet qui doit permettre de poursuivre des objectifs sportifs sans n\u00e9gliger aucunement le cursus de formation scolaire, universitaire ou professionnel .<\/p>\n<!-- \/wp:paragraph --><!-- wp:paragraph -->\n<p>Certains licenci\u00e9s de l\u2019EPA, nos tireurs \u00ab\u00a0d\u2019\u00e9lite\u00a0\u00bb, sont ainsi engag\u00e9s dans les <strong>structures f\u00e9d\u00e9rales de Haut-Niveau<\/strong> (accession au haut niveau et excellence sportive) comme le <strong>p\u00f4le espoir du Creps d\u2019Aix en Provence<\/strong>, le p\u00f4le France rel\u00e8ve du Creps de Chatenay Malabry ou encore l\u2019INSEP qui accueille le collectif France Senior. Le club est totalement engag\u00e9 dans leur accompagnement.<\/p>\n<!-- \/wp:paragraph --><!-- wp:paragraph -->\n<p>L\u2019EPA s\u2019est \u00e9galement structur\u00e9 en son sein, pour organiser un <strong>parcours d\u2019acc\u00e8s \u00e0 la performance<\/strong>. Outre les le\u00e7ons individuelles et le coaching personnalis\u00e9 pendant les comp\u00e9titions assur\u00e9es par les ma\u00eetres d\u2019armes.<\/p>\n<!-- \/wp:paragraph --><!-- wp:paragraph -->\n<p>Le r\u00e8glement sportif, adopt\u00e9 chaque saison, permet de <strong>soutenir financi\u00e8rement les escrimeurs par des aides aux d\u00e9placements ou des dotation en mat\u00e9riel,<\/strong> en fonction des r\u00e9sultats obtenus.<\/p>\n<!-- \/wp:paragraph --><\/div>\n<\/div>\n<!-- \/wp:group -->\t\t\t\t\t<\/div>\n\t\t\t\t\t\t<\/div>\n\t\t\t\t<\/div>\n\t\t\t\t\t\t<\/div>\n\t\t\t\t\t<\/div>\n\t\t<\/div>\n\t\t\t\t\t\t\t\t<\/div>\n\t\t\t\t\t<\/div>\n\t\t<\/section>\n\t\t\t\t\t\t<\/div>\n\t\t\t\t\t\t<\/div>\n\t\t\t\t\t<\/div>\n\t\t","protected":false},"excerpt":{"rendered":"<p>Parcours comp\u00e9tition : Nos cours Comp\u00e9tition s\u2019adressent aux tireurs confirm\u00e9s ayant pour objectif de faire de la comp\u00e9tition et d\u2019atteindre un niveau de performance qui leur permettent de rivaliser avec les meilleurs nationaux. Dans ce cadre, les maitres d\u2019armes s\u2019engagent \u00e0 fournir un entra\u00eenement d\u2019une grande qualit\u00e9 (analyse vid\u00e9o, le\u00e7ons individuelles&#8230;). Les tireurs s\u2019engagent eux [&hellip;]<\/p>\n","protected":false},"author":1,"featured_media":0,"parent":0,"menu_order":0,"comment_status":"closed","ping_status":"closed","template":"","meta":{"_eb_attr":"","footnotes":""},"class_list":["post-3548","page","type-page","status-publish","hentry"],"yoast_head":"<!-- This site is optimized with the Yoast SEO plugin v23.4 - https:\/\/yoast.com\/wordpress\/plugins\/seo\/ -->\n<title>Parcours comp\u00e9titeurs - Epa - Escrime Pays d Aix<\/title>\n<meta name=\"robots\" content=\"index, follow, max-snippet:-1, max-image-preview:large, max-video-preview:-1\" \/>\n<link rel=\"canonical\" href=\"https:\/\/escrime-paysdaix.fr\/epaaix\/haut-niveau\/\" \/>\n<meta property=\"og:locale\" content=\"fr_FR\" \/>\n<meta property=\"og:type\" content=\"article\" \/>\n<meta property=\"og:title\" content=\"Parcours comp\u00e9titeurs - Epa - Escrime Pays d Aix\" \/>\n<meta property=\"og:description\" content=\"Parcours comp\u00e9tition : Nos cours Comp\u00e9tition s\u2019adressent aux tireurs confirm\u00e9s ayant pour objectif de faire de la comp\u00e9tition et d\u2019atteindre un niveau de performance qui leur permettent de rivaliser avec les meilleurs nationaux. Dans ce cadre, les maitres d\u2019armes s\u2019engagent \u00e0 fournir un entra\u00eenement d\u2019une grande qualit\u00e9 (analyse vid\u00e9o, le\u00e7ons individuelles&#8230;). Les tireurs s\u2019engagent eux [&hellip;]\" \/>\n<meta property=\"og:url\" content=\"https:\/\/escrime-paysdaix.fr\/epaaix\/haut-niveau\/\" \/>\n<meta property=\"og:site_name\" content=\"Epa - Escrime Pays d Aix\" \/>\n<meta property=\"article:publisher\" content=\"https:\/\/www.facebook.com\/EscrimePaysDAix\" \/>\n<meta property=\"article:modified_time\" content=\"2025-07-03T16:12:27+00:00\" \/>\n<meta property=\"og:image\" content=\"https:\/\/escrime-paysdaix.fr\/epaaix\/wp-content\/uploads\/2024\/07\/Screen-Shot-2021-02-13-at-11.50.01-PM-1024x830-1-e1720372506811-300x243.png\" \/>\n<meta name=\"twitter:card\" content=\"summary_large_image\" \/>\n<meta name=\"twitter:site\" content=\"@Epa_Escrime\" \/>\n<meta name=\"twitter:label1\" content=\"Dur\u00e9e de lecture estim\u00e9e\" \/>\n\t<meta name=\"twitter:data1\" content=\"3 minutes\" \/>\n<script type=\"application\/ld+json\" class=\"yoast-schema-graph\">{\"@context\":\"https:\/\/schema.org\",\"@graph\":[{\"@type\":\"WebPage\",\"@id\":\"https:\/\/escrime-paysdaix.fr\/epaaix\/haut-niveau\/\",\"url\":\"https:\/\/escrime-paysdaix.fr\/epaaix\/haut-niveau\/\",\"name\":\"Parcours comp\u00e9titeurs - Epa - Escrime Pays d Aix\",\"isPartOf\":{\"@id\":\"https:\/\/escrime-paysdaix.fr\/epaaix\/#website\"},\"primaryImageOfPage\":{\"@id\":\"https:\/\/escrime-paysdaix.fr\/epaaix\/haut-niveau\/#primaryimage\"},\"image\":{\"@id\":\"https:\/\/escrime-paysdaix.fr\/epaaix\/haut-niveau\/#primaryimage\"},\"thumbnailUrl\":\"https:\/\/escrime-paysdaix.fr\/epaaix\/wp-content\/uploads\/2024\/07\/Screen-Shot-2021-02-13-at-11.50.01-PM-1024x830-1-e1720372506811-300x243.png\",\"datePublished\":\"2021-04-18T05:47:56+00:00\",\"dateModified\":\"2025-07-03T16:12:27+00:00\",\"breadcrumb\":{\"@id\":\"https:\/\/escrime-paysdaix.fr\/epaaix\/haut-niveau\/#breadcrumb\"},\"inLanguage\":\"fr-FR\",\"potentialAction\":[{\"@type\":\"ReadAction\",\"target\":[\"https:\/\/escrime-paysdaix.fr\/epaaix\/haut-niveau\/\"]}]},{\"@type\":\"ImageObject\",\"inLanguage\":\"fr-FR\",\"@id\":\"https:\/\/escrime-paysdaix.fr\/epaaix\/haut-niveau\/#primaryimage\",\"url\":\"https:\/\/escrime-paysdaix.fr\/epaaix\/wp-content\/uploads\/2024\/07\/Screen-Shot-2021-02-13-at-11.50.01-PM-1024x830-1-e1720372506811.png\",\"contentUrl\":\"https:\/\/escrime-paysdaix.fr\/epaaix\/wp-content\/uploads\/2024\/07\/Screen-Shot-2021-02-13-at-11.50.01-PM-1024x830-1-e1720372506811.png\",\"width\":700,\"height\":567,\"caption\":\"competition Escrime aix en provence\"},{\"@type\":\"BreadcrumbList\",\"@id\":\"https:\/\/escrime-paysdaix.fr\/epaaix\/haut-niveau\/#breadcrumb\",\"itemListElement\":[{\"@type\":\"ListItem\",\"position\":1,\"name\":\"Accueil\",\"item\":\"https:\/\/escrime-paysdaix.fr\/epaaix\/\"},{\"@type\":\"ListItem\",\"position\":2,\"name\":\"Parcours comp\u00e9titeurs\"}]},{\"@type\":\"WebSite\",\"@id\":\"https:\/\/escrime-paysdaix.fr\/epaaix\/#website\",\"url\":\"https:\/\/escrime-paysdaix.fr\/epaaix\/\",\"name\":\"Epa - Escrime Pays d Aix\",\"description\":\"Club d escrime \u00e0 Aix en Provence. Formation Loisir Comp\u00e9tition\",\"publisher\":{\"@id\":\"https:\/\/escrime-paysdaix.fr\/epaaix\/#organization\"},\"potentialAction\":[{\"@type\":\"SearchAction\",\"target\":{\"@type\":\"EntryPoint\",\"urlTemplate\":\"https:\/\/escrime-paysdaix.fr\/epaaix\/?s={search_term_string}\"},\"query-input\":{\"@type\":\"PropertyValueSpecification\",\"valueRequired\":true,\"valueName\":\"search_term_string\"}}],\"inLanguage\":\"fr-FR\"},{\"@type\":\"Organization\",\"@id\":\"https:\/\/escrime-paysdaix.fr\/epaaix\/#organization\",\"name\":\"Epa - Escrime Pays d Aix\",\"url\":\"https:\/\/escrime-paysdaix.fr\/epaaix\/\",\"logo\":{\"@type\":\"ImageObject\",\"inLanguage\":\"fr-FR\",\"@id\":\"https:\/\/escrime-paysdaix.fr\/epaaix\/#\/schema\/logo\/image\/\",\"url\":\"https:\/\/escrime-paysdaix.fr\/epaaix\/wp-content\/uploads\/2021\/03\/epa_logo.png\",\"contentUrl\":\"https:\/\/escrime-paysdaix.fr\/epaaix\/wp-content\/uploads\/2021\/03\/epa_logo.png\",\"width\":474,\"height\":596,\"caption\":\"Epa - Escrime Pays d Aix\"},\"image\":{\"@id\":\"https:\/\/escrime-paysdaix.fr\/epaaix\/#\/schema\/logo\/image\/\"},\"sameAs\":[\"https:\/\/www.facebook.com\/EscrimePaysDAix\",\"https:\/\/x.com\/Epa_Escrime\",\"https:\/\/www.instagram.com\/escrime_aix\",\"https:\/\/www.youtube.com\/channel\/UC0oH02jUultLPvDckstp_UQ\"]}]}<\/script>\n<!-- \/ Yoast SEO plugin. -->","yoast_head_json":{"title":"Parcours comp\u00e9titeurs - Epa - Escrime Pays d Aix","robots":{"index":"index","follow":"follow","max-snippet":"max-snippet:-1","max-image-preview":"max-image-preview:large","max-video-preview":"max-video-preview:-1"},"canonical":"https:\/\/escrime-paysdaix.fr\/epaaix\/haut-niveau\/","og_locale":"fr_FR","og_type":"article","og_title":"Parcours comp\u00e9titeurs - Epa - Escrime Pays d Aix","og_description":"Parcours comp\u00e9tition : Nos cours Comp\u00e9tition s\u2019adressent aux tireurs confirm\u00e9s ayant pour objectif de faire de la comp\u00e9tition et d\u2019atteindre un niveau de performance qui leur permettent de rivaliser avec les meilleurs nationaux. Dans ce cadre, les maitres d\u2019armes s\u2019engagent \u00e0 fournir un entra\u00eenement d\u2019une grande qualit\u00e9 (analyse vid\u00e9o, le\u00e7ons individuelles&#8230;). Les tireurs s\u2019engagent eux [&hellip;]","og_url":"https:\/\/escrime-paysdaix.fr\/epaaix\/haut-niveau\/","og_site_name":"Epa - Escrime Pays d Aix","article_publisher":"https:\/\/www.facebook.com\/EscrimePaysDAix","article_modified_time":"2025-07-03T16:12:27+00:00","og_image":[{"url":"https:\/\/escrime-paysdaix.fr\/epaaix\/wp-content\/uploads\/2024\/07\/Screen-Shot-2021-02-13-at-11.50.01-PM-1024x830-1-e1720372506811-300x243.png"}],"twitter_card":"summary_large_image","twitter_site":"@Epa_Escrime","twitter_misc":{"Dur\u00e9e de lecture estim\u00e9e":"3 minutes"},"schema":{"@context":"https:\/\/schema.org","@graph":[{"@type":"WebPage","@id":"https:\/\/escrime-paysdaix.fr\/epaaix\/haut-niveau\/","url":"https:\/\/escrime-paysdaix.fr\/epaaix\/haut-niveau\/","name":"Parcours comp\u00e9titeurs - Epa - Escrime Pays d Aix","isPartOf":{"@id":"https:\/\/escrime-paysdaix.fr\/epaaix\/#website"},"primaryImageOfPage":{"@id":"https:\/\/escrime-paysdaix.fr\/epaaix\/haut-niveau\/#primaryimage"},"image":{"@id":"https:\/\/escrime-paysdaix.fr\/epaaix\/haut-niveau\/#primaryimage"},"thumbnailUrl":"https:\/\/escrime-paysdaix.fr\/epaaix\/wp-content\/uploads\/2024\/07\/Screen-Shot-2021-02-13-at-11.50.01-PM-1024x830-1-e1720372506811-300x243.png","datePublished":"2021-04-18T05:47:56+00:00","dateModified":"2025-07-03T16:12:27+00:00","breadcrumb":{"@id":"https:\/\/escrime-paysdaix.fr\/epaaix\/haut-niveau\/#breadcrumb"},"inLanguage":"fr-FR","potentialAction":[{"@type":"ReadAction","target":["https:\/\/escrime-paysdaix.fr\/epaaix\/haut-niveau\/"]}]},{"@type":"ImageObject","inLanguage":"fr-FR","@id":"https:\/\/escrime-paysdaix.fr\/epaaix\/haut-niveau\/#primaryimage","url":"https:\/\/escrime-paysdaix.fr\/epaaix\/wp-content\/uploads\/2024\/07\/Screen-Shot-2021-02-13-at-11.50.01-PM-1024x830-1-e1720372506811.png","contentUrl":"https:\/\/escrime-paysdaix.fr\/epaaix\/wp-content\/uploads\/2024\/07\/Screen-Shot-2021-02-13-at-11.50.01-PM-1024x830-1-e1720372506811.png","width":700,"height":567,"caption":"competition Escrime aix en provence"},{"@type":"BreadcrumbList","@id":"https:\/\/escrime-paysdaix.fr\/epaaix\/haut-niveau\/#breadcrumb","itemListElement":[{"@type":"ListItem","position":1,"name":"Accueil","item":"https:\/\/escrime-paysdaix.fr\/epaaix\/"},{"@type":"ListItem","position":2,"name":"Parcours comp\u00e9titeurs"}]},{"@type":"WebSite","@id":"https:\/\/escrime-paysdaix.fr\/epaaix\/#website","url":"https:\/\/escrime-paysdaix.fr\/epaaix\/","name":"Epa - Escrime Pays d Aix","description":"Club d escrime \u00e0 Aix en Provence. Formation Loisir Comp\u00e9tition","publisher":{"@id":"https:\/\/escrime-paysdaix.fr\/epaaix\/#organization"},"potentialAction":[{"@type":"SearchAction","target":{"@type":"EntryPoint","urlTemplate":"https:\/\/escrime-paysdaix.fr\/epaaix\/?s={search_term_string}"},"query-input":{"@type":"PropertyValueSpecification","valueRequired":true,"valueName":"search_term_string"}}],"inLanguage":"fr-FR"},{"@type":"Organization","@id":"https:\/\/escrime-paysdaix.fr\/epaaix\/#organization","name":"Epa - Escrime Pays d Aix","url":"https:\/\/escrime-paysdaix.fr\/epaaix\/","logo":{"@type":"ImageObject","inLanguage":"fr-FR","@id":"https:\/\/escrime-paysdaix.fr\/epaaix\/#\/schema\/logo\/image\/","url":"https:\/\/escrime-paysdaix.fr\/epaaix\/wp-content\/uploads\/2021\/03\/epa_logo.png","contentUrl":"https:\/\/escrime-paysdaix.fr\/epaaix\/wp-content\/uploads\/2021\/03\/epa_logo.png","width":474,"height":596,"caption":"Epa - Escrime Pays d Aix"},"image":{"@id":"https:\/\/escrime-paysdaix.fr\/epaaix\/#\/schema\/logo\/image\/"},"sameAs":["https:\/\/www.facebook.com\/EscrimePaysDAix","https:\/\/x.com\/Epa_Escrime","https:\/\/www.instagram.com\/escrime_aix","https:\/\/www.youtube.com\/channel\/UC0oH02jUultLPvDckstp_UQ"]}]}},"jetpack_sharing_enabled":true,"_links":{"self":[{"href":"https:\/\/escrime-paysdaix.fr\/epaaix\/wp-json\/wp\/v2\/pages\/3548","targetHints":{"allow":["GET"]}}],"collection":[{"href":"https:\/\/escrime-paysdaix.fr\/epaaix\/wp-json\/wp\/v2\/pages"}],"about":[{"href":"https:\/\/escrime-paysdaix.fr\/epaaix\/wp-json\/wp\/v2\/types\/page"}],"author":[{"embeddable":true,"href":"https:\/\/escrime-paysdaix.fr\/epaaix\/wp-json\/wp\/v2\/users\/1"}],"replies":[{"embeddable":true,"href":"https:\/\/escrime-paysdaix.fr\/epaaix\/wp-json\/wp\/v2\/comments?post=3548"}],"version-history":[{"count":7,"href":"https:\/\/escrime-paysdaix.fr\/epaaix\/wp-json\/wp\/v2\/pages\/3548\/revisions"}],"predecessor-version":[{"id":11467,"href":"https:\/\/escrime-paysdaix.fr\/epaaix\/wp-json\/wp\/v2\/pages\/3548\/revisions\/11467"}],"wp:attachment":[{"href":"https:\/\/escrime-paysdaix.fr\/epaaix\/wp-json\/wp\/v2\/media?parent=3548"}],"curies":[{"name":"wp","href":"https:\/\/api.w.org\/{rel}","templated":true}]}}